{"id":10,"date":"2017-01-15T18:33:21","date_gmt":"2017-01-15T17:33:21","guid":{"rendered":"http:\/\/localhost:8080\/wordpress\/?page_id=10"},"modified":"2019-02-12T12:06:07","modified_gmt":"2019-02-12T11:06:07","slug":"mastocytoza","status":"publish","type":"page","link":"http:\/\/mastocytoza.e-ngo.pl\/?page_id=10","title":{"rendered":"Mastocytoza"},"content":{"rendered":"<p align=\"justify\">Mastocytoza obejmuje grup\u0119 chor\u00f3b charakteryzuj\u0105cych si\u0119 patologicznym rozrostem mastocyt\u00f3w (kom\u00f3rek tucznych) w sk\u00f3rze, szpiku kostnym, w\u0105trobie, \u015bledzionie, w\u0119z\u0142ach ch\u0142onnych i innych organach. Objawy choroby zwi\u0105zane s\u0105 przede wszystkim z uwalnianiem mediator\u00f3w kom\u00f3rek tucznych podczas ich degranulacji (rozpadu). Objway te obejmuj\u0105 r\u00f3\u017cnorodne reakcje alergiczne, w tym wstrz\u0105s anafilaktyczny. W przypadku naciekania organ\u00f3w i tkanek przez mastocyty mo\u017ce doj\u015b\u0107 do upo\u015bledzenia czynno\u015bci zaj\u0119tych narz\u0105d\u00f3w.<\/p>\n<p align=\"justify\">Pochodzenie choroby nie jest dok\u0142adnie poznane. Mastocytoza nale\u017cy do grupy chor\u00f3b rzadkich, inaczej chor\u00f3b sierocych (orphan disease). Wydaje si\u0119, \u017ce cz\u0119sto\u015b\u0107 wyst\u0119powania choroby mo\u017cna okre\u015bli\u0107 na 7\/100 000 miesza\u0144c\u00f3w, w tym 4\/100 000 to mastocytoza uk\u0142adowa. Szacuje si\u0119, \u017ce w Polsce liczba chorych na mastocytoz\u0119 mo\u017ce wynosi\u0107 800 os\u00f3b .<\/p>\n<p align=\"justify\">Wed\u0142ug WHO mastocytoza zaklasyfikowana jest do chor\u00f3b mieloproliferacyjnych (chor\u00f3b kom\u00f3rek krwi). Podzielona jest na kilka postaci:<br \/>\n1) posta\u0107 sk\u00f3rna (CM \u2013 Cutanous Mastocytosis):<br \/>\n&#8211; urticaria pigmentosa (UP),<br \/>\n&#8211; mastocytoma sk\u00f3ry,<br \/>\n2) indolentna mastocytoza uk\u0142adowa (ISM \u2013 Indolent Systemic Mastocytosis):<br \/>\n&#8211; izolowana mastocytoza szpiku kostnego,<br \/>\n3) mastocytoza uk\u0142adowa z klonalnym rozrostem linii kom\u00f3rkowych niemastocytarnych (SM \u2013AHNMD),<br \/>\n4) agresywna uk\u0142adowa mastocytoza (ASM \u2013 Agressive Systemic Mastocytosis),<br \/>\n5) bia\u0142aczka mastocytarna,<br \/>\n6) ch\u0142oniak mastocytarny,<br \/>\n7) mastocytoma w narz\u0105dach poza sk\u00f3r\u0105.<\/p>\n<p align=\"justify\">Na mastocytoz\u0119 mo\u017cna zachorowa\u0107 w ka\u017cdym wieku, z tym, \u017ce zachorowania w wieku dzieci\u0119cym, kt\u00f3re obejmuj\u0105 w wi\u0119kszo\u015bci mastocytoz\u0119 sk\u00f3rn\u0105, do\u015b\u0107 cz\u0119sto ulegaj\u0105 remisji w wieku dojrzewania. Doro\u015bli cz\u0119\u015bciej choruj\u0105 na uk\u0142adow\u0105 posta\u0107 choroby.<br \/>\nObjawy w przypadku postaci sk\u00f3rnej i uk\u0142adowej mog\u0105 by\u0107 podobne. Poni\u017cej lista objaw\u00f3w kt\u00f3re zg\u0142asza\u0142y osoby chore na mastocytoz\u0119 (wg Stowarzyszenia Mastocytozy w Kanadzie). Ka\u017cdy z chorych mo\u017ce mie\u0107 inne objawy, kt\u00f3re mog\u0105 si\u0119 pojawia\u0107 i znika\u0107.<\/p>\n<table width=\"643\" cellspacing=\"0\" cellpadding=\"4\">\n<colgroup>\n<col width=\"313\" \/>\n<col width=\"314\" \/> <\/colgroup>\n<tbody>\n<tr valign=\"top\">\n<td width=\"313\">\n<p style=\"text-align: left;\" align=\"justify\">&#8211; wysypka sk\u00f3rna, wypryski, zaczerwienienia<br \/>\n&#8211; pokrzywka<br \/>\n&#8211; uporczywe zm\u0119czenie<br \/>\n&#8211; sw\u0119dzenie<br \/>\n&#8211; uderzenia gor\u0105ca i intensywne pocenie si\u0119<br \/>\n&#8211; b\u00f3le ko\u015bci i staw\u00f3w<br \/>\n&#8211; b\u00f3le g\u0142owy<br \/>\n&#8211; tachykardia\u00a0(przyspieszone t\u0119tno)<br \/>\n&#8211; \u0142zawienie oczu, sucho\u015b\u0107 i b\u00f3l oczu<br \/>\n&#8211; trwa\u0142e dolegliwo\u015bci b\u00f3lowe cia\u0142a<br \/>\n&#8211; problemy z \u0107wiczeniami fizycznymi<br \/>\n&#8211; zawroty g\u0142owy<br \/>\n&#8211; epizody niskiej temperatury cia\u0142a<br \/>\n&#8211; niewyja\u015bniony niedob\u00f3r wit. B12<br \/>\n&#8211; reakcje na zapachy, perfumy, \u015brodki chemiczne<br \/>\n&#8211; ci\u0119\u017ckie miesi\u0105czki (kobiety)<br \/>\n&#8211; dr\u0119twienie i mrowienie w ko\u0144czynach i twarzy<br \/>\n&#8211; uczucie pieczenia sk\u00f3ry<br \/>\n&#8211; niewyt\u0142umaczalny niepok\u00f3j<br \/>\n&#8211; nagle spadki ci\u015bnienia t\u0119tniczego<br \/>\n&#8211; omdlenia<br \/>\n&#8211; uporczywe biegunki<br \/>\n&#8211; wymioty<br \/>\n&#8211; niewyja\u015bnione spadki wagi<br \/>\n&#8211; zaburzenia poznawcze<br \/>\n&#8211; problemy z zatokami<br \/>\n&#8211; b\u00f3l w klatce piersiowej<br \/>\n&#8211; zaburzenia widzenia<br \/>\n&#8211; wypadanie w\u0142os\u00f3w<\/p>\n<\/td>\n<td width=\"314\">\n<p align=\"justify\">&#8211; owrzodzenia jamy ustnej<br \/>\n&#8211; md\u0142o\u015bci<br \/>\n&#8211; obrz\u0119ki i stany zapalne<br \/>\n&#8211; dziwne reakcje na u\u017c\u0105dlenia owad\u00f3w<br \/>\n&#8211; roblemy podczas znieczulenia<br \/>\n&#8211; anemia<br \/>\n&#8211; problemy z tarczyc\u0105<br \/>\n&#8211; zmniejszona g\u0119sto\u015b\u0107 ko\u015bci<br \/>\n&#8211; niewyja\u015bnione os\u0142abienie<br \/>\n&#8211; kr\u00f3tki oddech<br \/>\n&#8211; nadwra\u017cliwo\u015b\u0107 na \u015bwiat\u0142o s\u0142oneczne<br \/>\n&#8211; nadwra\u017cliwo\u015b\u0107 na wysokie i niskie temperatury<br \/>\n&#8211; reakcje po spo\u017cyciu r\u00f3\u017cnych pokarm\u00f3w lub napoj\u00f3w<br \/>\n&#8211; reakcje anafilaktyczne<br \/>\n&#8211; wstrz\u0105s anafilaktyczny<br \/>\n&#8211; b\u00f3le \u017co\u0142\u0105dkowo \u2013 jelitowe, wzd\u0119cia<br \/>\n&#8211; niewyja\u015bnione reakcje na leki<br \/>\n&#8211; powi\u0119kszona w\u0105troba \/ \u015bledziona<br \/>\n&#8211; b\u00f3l nerek, w\u0105troby, \u015bledziony, p\u0119cherza<br \/>\n&#8211; powi\u0119kszone w\u0119z\u0142y ch\u0142onne<br \/>\n&#8211; cz\u0119ste oddawanie moczu<br \/>\n&#8211; nawracaj\u0105ce infekcje<br \/>\n&#8211; b\u00f3le neuropatyczne<br \/>\n&#8211; zaparcia\u00a0(MCAS)<br \/>\n&#8211; niedob\u00f3r \u017celaza<br \/>\n&#8211; niewyja\u015bnione krwawienia, siniaki<br \/>\n&#8211; zaburzenia wch\u0142aniania<br \/>\n&#8211; przerywany szum w uszach i problemy ze s\u0142uchem<\/p>\n<\/td>\n<\/tr>\n<\/tbody>\n<\/table>\n","protected":false},"excerpt":{"rendered":"<p>Mastocytoza obejmuje grup\u0119 chor\u00f3b charakteryzuj\u0105cych si\u0119 patologicznym rozrostem mastocyt\u00f3w (kom\u00f3rek tucznych) w sk\u00f3rze, szpiku kostnym, w\u0105trobie, \u015bledzionie, w\u0119z\u0142ach ch\u0142onnych i innych organach. Objawy choroby zwi\u0105zane s\u0105 przede wszystkim z uwalnianiem <a class=\"more-link\" href=\"http:\/\/mastocytoza.e-ngo.pl\/?page_id=10\">Read More &#8230;<\/a><\/p>\n","protected":false},"author":1,"featured_media":0,"parent":0,"menu_order":0,"comment_status":"closed","ping_status":"closed","template":"","meta":{"footnotes":""},"class_list":["post-10","page","type-page","status-publish","hentry"],"_links":{"self":[{"href":"http:\/\/mastocytoza.e-ngo.pl\/index.php?rest_route=\/wp\/v2\/pages\/10","targetHints":{"allow":["GET"]}}],"collection":[{"href":"http:\/\/mastocytoza.e-ngo.pl\/index.php?rest_route=\/wp\/v2\/pages"}],"about":[{"href":"http:\/\/mastocytoza.e-ngo.pl\/index.php?rest_route=\/wp\/v2\/types\/page"}],"author":[{"embeddable":true,"href":"http:\/\/mastocytoza.e-ngo.pl\/index.php?rest_route=\/wp\/v2\/users\/1"}],"replies":[{"embeddable":true,"href":"http:\/\/mastocytoza.e-ngo.pl\/index.php?rest_route=%2Fwp%2Fv2%2Fcomments&post=10"}],"version-history":[{"count":5,"href":"http:\/\/mastocytoza.e-ngo.pl\/index.php?rest_route=\/wp\/v2\/pages\/10\/revisions"}],"predecessor-version":[{"id":280,"href":"http:\/\/mastocytoza.e-ngo.pl\/index.php?rest_route=\/wp\/v2\/pages\/10\/revisions\/280"}],"wp:attachment":[{"href":"http:\/\/mastocytoza.e-ngo.pl\/index.php?rest_route=%2Fwp%2Fv2%2Fmedia&parent=10"}],"curies":[{"name":"wp","href":"https:\/\/api.w.org\/{rel}","templated":true}]}}